{"id":163,"date":"2011-03-27T17:39:00","date_gmt":"2011-03-27T17:39:00","guid":{"rendered":"http:\/\/savourezmontreal.design-lin.com\/?page_id=163"},"modified":"2021-10-13T19:39:40","modified_gmt":"2021-10-13T19:39:40","slug":"echeancier","status":"publish","type":"page","link":"https:\/\/design-lin.com\/savourezmontreal\/construction\/echeancier\/","title":{"rendered":"\u00c9ch\u00e9ancier"},"content":{"rendered":"ngg_shortcode_0_placeholder\n<p style=\"text-align: justify;\">L\u2019\u00e9ch\u00e9ancier pr\u00e9liminaire et conservateur refl\u00e8te les diff\u00e9rentes phases du projet. Afin de garder un contr\u00f4le serr\u00e9 de l\u2019avancement du projet, le projet Savourez Montr\u00e9al est s\u00e9par\u00e9 en trois phases distinctes afin d\u2019optimiser la r\u00e9alisation du projet. Bas\u00e9 sur Microsoft Projet, chaque b\u00e2timent (silo en b\u00e9ton Annexe B1, silo m\u00e9tallique et Annexe 1-2) est une phase distincte avec leurs sous-sections.<\/p>\n<p style=\"text-align: justify;\">L\u2019\u00e9ch\u00e9ancier tient compte du fait que la S.I.C. devra effectuer certains travaux (am\u00e9nagement, acc\u00e8s, d\u00e9molition, s\u00e9curit\u00e9, etc.) avant de transf\u00e9rer la propri\u00e9t\u00e9 du Silo #5 au promoteur \u00e9ventuel. Cette phase de travaux d\u00e9butera en 2016 et durera pratiquement 1 an avec le transfert du terrain au promoteur.<\/p>\n<p style=\"text-align: justify;\">Le projet vise \u00e0 r\u00e9habiliter l\u2019annexe B1 en premier \u00e9tant donn\u00e9 l\u2019objectif de la S.I.C. d\u2019avoir un belv\u00e9d\u00e8re public accessible pour 2017. Pour se faire, la mobilisation sur le chantier commencera vers la fin 2016 et d\u00e9butera par l\u2019am\u00e9nagement du chantier. Par la suite, l\u2019annexe 1 sera d\u00e9molie \u00e0 cause de son instabilit\u00e9 structurelle et pour donner davantage d\u2019espaces de travail pour les entrepreneurs. Ensuite, les diff\u00e9rentes \u00e9tapes sur le b\u00e2timent B1 s\u2019effectueront telles que montr\u00e9es sur la pr\u00e9sentation jusqu\u2019\u00e0 la mi-2018.<\/p>\n<p style=\"text-align: justify;\">Quant au silo m\u00e9tallique, les travaux commenceront en parall\u00e8le avec l\u2019annexe B1 vers la mi-2017 et s\u2019\u00e9chelonneront sur environ un an.<\/p>\n<p style=\"text-align: justify;\">Ainsi, les deux b\u00e2timents seront termin\u00e9s avant la fin de 2018 et pourront accueillir le mus\u00e9e, les nouveaux locataires, les \u00e9tudiants, les scientifiques et tous les nouveaux occupants de ce projet d\u2019agriculture urbaine int\u00e9gr\u00e9e \u00e0 la ville.<\/p>\n<p style=\"text-align: justify;\">Le projet oriente actuellement l\u2019espace occup\u00e9 par l\u2019annexe 1-2 vers l\u2019am\u00e9nagement d\u2019un parc et\u00a0 diff\u00e9rentes sc\u00e8nes ext\u00e9rieures pour cr\u00e9er un espace de visite int\u00e9ressant pour les tourismes et les occupants.<\/p>\n","protected":false},"excerpt":{"rendered":"<p>L\u2019\u00e9ch\u00e9ancier pr\u00e9liminaire et conservateur refl\u00e8te les diff\u00e9rentes phases du projet. Afin de garder un contr\u00f4le serr\u00e9 de l\u2019avancement du projet, le projet Savourez Montr\u00e9al est s\u00e9par\u00e9 en trois phases distinctes afin d\u2019optimiser la r\u00e9alisation du projet. Bas\u00e9 sur Microsoft Projet, &hellip; <a class=\"more-link\" href=\"https:\/\/design-lin.com\/savourezmontreal\/construction\/echeancier\/\">Continuer la lecture <span class=\"meta-nav\">&rarr;<\/span><\/a><\/p>\n","protected":false},"author":1,"featured_media":0,"parent":49,"menu_order":32,"comment_status":"closed","ping_status":"open","template":"onecolumn-page.php","meta":{"_monsterinsights_skip_tracking":false,"_monsterinsights_sitenote_active":false,"_monsterinsights_sitenote_note":"","_monsterinsights_sitenote_category":0,"ngg_post_thumbnail":0,"footnotes":""},"class_list":["post-163","page","type-page","status-publish","hentry"],"aioseo_notices":[],"_links":{"self":[{"href":"https:\/\/design-lin.com\/savourezmontreal\/wp-json\/wp\/v2\/pages\/163","targetHints":{"allow":["GET"]}}],"collection":[{"href":"https:\/\/design-lin.com\/savourezmontreal\/wp-json\/wp\/v2\/pages"}],"about":[{"href":"https:\/\/design-lin.com\/savourezmontreal\/wp-json\/wp\/v2\/types\/page"}],"author":[{"embeddable":true,"href":"https:\/\/design-lin.com\/savourezmontreal\/wp-json\/wp\/v2\/users\/1"}],"replies":[{"embeddable":true,"href":"https:\/\/design-lin.com\/savourezmontreal\/wp-json\/wp\/v2\/comments?post=163"}],"version-history":[{"count":13,"href":"https:\/\/design-lin.com\/savourezmontreal\/wp-json\/wp\/v2\/pages\/163\/revisions"}],"predecessor-version":[{"id":484,"href":"https:\/\/design-lin.com\/savourezmontreal\/wp-json\/wp\/v2\/pages\/163\/revisions\/484"}],"up":[{"embeddable":true,"href":"https:\/\/design-lin.com\/savourezmontreal\/wp-json\/wp\/v2\/pages\/49"}],"wp:attachment":[{"href":"https:\/\/design-lin.com\/savourezmontreal\/wp-json\/wp\/v2\/media?parent=163"}],"curies":[{"name":"wp","href":"https:\/\/api.w.org\/{rel}","templated":true}]}}