{"id":209,"date":"2011-04-02T16:39:55","date_gmt":"2011-04-02T16:39:55","guid":{"rendered":"http:\/\/savourezmontreal.design-lin.com\/?page_id=209"},"modified":"2021-10-13T19:39:40","modified_gmt":"2021-10-13T19:39:40","slug":"agriculture-pisciculture","status":"publish","type":"page","link":"https:\/\/design-lin.com\/savourezmontreal\/agro-programme\/agriculture\/agriculture-pisciculture\/","title":{"rendered":"Pisciculture"},"content":{"rendered":"<address><span style=\"color: #008000;\"><strong>Agriculture; Pisciculture<\/strong><\/span><\/address>\n<address><a title=\"Cycle en boucle\" href=\"http:\/\/savourezmontreal.design-lin.com\/agro-programme\/agriculture\/agriculture-cycle-en-boucle\/\"><span style=\"text-decoration: underline; color: #008000;\">Cycle en boucle<\/span><\/a><\/address>\n<address><a title=\"Les aliments\" href=\"http:\/\/savourezmontreal.design-lin.com\/agro-programme\/agriculture\/lagriculture\/\"><span style=\"text-decoration: underline;\"><span style=\"color: #008000;\"> <\/span><\/span><span style=\"text-decoration: underline; color: #008000;\">Les aliments<\/span><\/a><\/address>\n<address> <\/address>\n<address> <\/address>\n<h1 style=\"text-align: center;\">L&rsquo;\u00e9levage<\/h1>\n<address> <\/address>\n<address> <\/address>\n<address> <\/address>\n<p style=\"text-align: justify;\">Plusieurs esp\u00e8ces de poisson sont en voie de disparition, cette situation est g\u00e9n\u00e9ralement d\u00fb \u00e0 la sur-p\u00eache. Souvent, nous pensons imm\u00e9diatement au poisson provenant des oc\u00e9ans. Cependant, nos esp\u00e8ces d&rsquo;eau douce sont aussi grandement exploit\u00e9 et plusieurs esp\u00e8ces que nous retrouvons au Qu\u00e9bec son en danger. C&rsquo;est pourquoi nous proposons d&rsquo;effectuer l&rsquo;\u00e9levage d&rsquo;esp\u00e8ces en voie de disparition. L&rsquo;\u00e9levage de ces poissons permettra de r\u00e9duire la sur-p\u00eache, donc de faciliter la r\u00e9g\u00e9n\u00e9ration des environnements aquatique et offrira en m\u00eame temps des vari\u00e9t\u00e9s de poisson local que la r\u00e9gion de Montr\u00e9al consommera.<\/p>\n<address> <\/address>\n<address> <\/address>\n<address> <\/address>\n<div id=\"attachment_55\" style=\"width: 650px\" class=\"wp-caption aligncenter\"><a href=\"http:\/\/design-lin.com\/savourezmontreal\/wp-content\/uploads\/2011\/03\/Agriculture_Page_5.jpg\"><img loading=\"lazy\" decoding=\"async\" aria-describedby=\"caption-attachment-55\" class=\"size-large wp-image-55\" title=\"La Pisciculture\" src=\"http:\/\/design-lin.com\/savourezmontreal\/wp-content\/uploads\/2011\/03\/Agriculture_Page_5-1024x684.jpg\" alt=\"La Pisciculture\" width=\"640\" height=\"427\" srcset=\"https:\/\/design-lin.com\/savourezmontreal\/wp-content\/uploads\/2011\/03\/Agriculture_Page_5-1024x684.jpg 1024w, https:\/\/design-lin.com\/savourezmontreal\/wp-content\/uploads\/2011\/03\/Agriculture_Page_5-300x200.jpg 300w\" sizes=\"auto, (max-width: 640px) 100vw, 640px\" \/><\/a><p id=\"caption-attachment-55\" class=\"wp-caption-text\">La Pisciculture<\/p><\/div>\n<p>&nbsp;<\/p>\n<p>Pour plus de renseignement sur les poissons du Qu\u00e9bec, visitez le site des <a href=\"http:\/\/www.mrnf.gouv.qc.ca\/faune\/peche\/poissons\/index.jsp\"><em>Ressources naturelles et de la faune du Qu\u00e9bec.<\/em><\/a><\/p>\n<p>&nbsp;<\/p>\n<p>&nbsp;<\/p>\n<p>&nbsp;<\/p>\n","protected":false},"excerpt":{"rendered":"<p>Agriculture; Pisciculture Cycle en boucle Les aliments L&rsquo;\u00e9levage Plusieurs esp\u00e8ces de poisson sont en voie de disparition, cette situation est g\u00e9n\u00e9ralement d\u00fb \u00e0 la sur-p\u00eache. Souvent, nous pensons imm\u00e9diatement au poisson provenant des oc\u00e9ans. Cependant, nos esp\u00e8ces d&rsquo;eau douce sont &hellip; <a class=\"more-link\" href=\"https:\/\/design-lin.com\/savourezmontreal\/agro-programme\/agriculture\/agriculture-pisciculture\/\">Continuer la lecture <span class=\"meta-nav\">&rarr;<\/span><\/a><\/p>\n","protected":false},"author":1,"featured_media":0,"parent":26,"menu_order":2,"comment_status":"closed","ping_status":"open","template":"onecolumn-page.php","meta":{"_monsterinsights_skip_tracking":false,"_monsterinsights_sitenote_active":false,"_monsterinsights_sitenote_note":"","_monsterinsights_sitenote_category":0,"ngg_post_thumbnail":0,"footnotes":""},"class_list":["post-209","page","type-page","status-publish","hentry"],"aioseo_notices":[],"_links":{"self":[{"href":"https:\/\/design-lin.com\/savourezmontreal\/wp-json\/wp\/v2\/pages\/209","targetHints":{"allow":["GET"]}}],"collection":[{"href":"https:\/\/design-lin.com\/savourezmontreal\/wp-json\/wp\/v2\/pages"}],"about":[{"href":"https:\/\/design-lin.com\/savourezmontreal\/wp-json\/wp\/v2\/types\/page"}],"author":[{"embeddable":true,"href":"https:\/\/design-lin.com\/savourezmontreal\/wp-json\/wp\/v2\/users\/1"}],"replies":[{"embeddable":true,"href":"https:\/\/design-lin.com\/savourezmontreal\/wp-json\/wp\/v2\/comments?post=209"}],"version-history":[{"count":20,"href":"https:\/\/design-lin.com\/savourezmontreal\/wp-json\/wp\/v2\/pages\/209\/revisions"}],"predecessor-version":[{"id":217,"href":"https:\/\/design-lin.com\/savourezmontreal\/wp-json\/wp\/v2\/pages\/209\/revisions\/217"}],"up":[{"embeddable":true,"href":"https:\/\/design-lin.com\/savourezmontreal\/wp-json\/wp\/v2\/pages\/26"}],"wp:attachment":[{"href":"https:\/\/design-lin.com\/savourezmontreal\/wp-json\/wp\/v2\/media?parent=209"}],"curies":[{"name":"wp","href":"https:\/\/api.w.org\/{rel}","templated":true}]}}